actors of 12/(-8)*(-4)/f.
2
Let t(c) = c**3 + 11*c**2 - c - 8. Let j be t(-11). Suppose -j*g = 3*q - 131 - 13, 8 = 2*q. List the prime factors of g.
2, 11
Let r(x) = -40*x + 18. What are the prime factors of r(-5)?
2, 109
Let r(m) = -m**3 + 7*m**2 - 5*m + 7. Let s be (-2)/4*5*-2. What are the prime factors of r(s)?
2
Let c(n) = -15*n**3 - n. Let d be (-1 + 2)/(-2 - -1). Let f be c(d). Suppose -2*p - j = -20, p + 4 = -j + f. List the prime factors of p.
2
Let g(u) = -u**3 - 5*u**2 + 2*u. List the prime factors of g(-6).
2, 3
Suppose 7*b - 6*b = 16. List the prime factors of b.
2
Let f(j) = -j**3 - j**2 + 32. List the prime factors of f(0).
2
Suppose -10 = 3*v + 5. Let l(z) = 8*z**2 + z - 1. Let i(t) = 15*t**2 + t - 2. Let d(m) = v*l(m) + 3*i(m). What are the prime factors of d(-1)?
2, 3
Suppose 65 = 5*q + 5*h, -q + 13 = -2*h - 15. Suppose -4*i + q = -2*w, 0 = 5*w + 7 + 8. List the prime factors of i.
3
Let t(x) = 3*x**2 + 2. Suppose 15 = -5*s, -3 = -3*i + s - 2*s. What are the prime factors of t(i)?
2, 7
What are the prime factors of -138*2*12/(-16)?
3, 23
Let y(w) = -w**2 + 4*w - 2. Let j be y(2). Suppose 0*q - 5 = j*q - 3*g, -3*q - 3*g = 30. Let f = q - -11. List the prime factors of f.
2
Suppose 0*n - 18 = 2*b - 2*n, -4*b - 5*n = 9. Let q be (-250)/b - (-4)/12. What are the prime factors of 12/q - (-124)/7?
2, 3
Suppose 3*w - 54 = -0*w - 2*l, -85 = -5*w - 5*l. Let n be (-8)/w - 24/(-10). Suppose n*v - 4 = 4. What are the prime factors of v?
2
Suppose 0 = 40*a - 37*a - 315. What are the prime factors of a?
3, 5, 7
Let s = 71 + -1. What are the prime factors of s?
2, 5, 7
Let x(z) = 7*z + 13. Let d(b) = -b - 1. Let f(l) = 6*d(l) + x(l). What are the prime factors of f(7)?
2, 7
Let g be 2*-4*(-1)/2. Suppose 2*c - 2 = q + q, -18 = -g*c - 3*q. Let p = 9 + c. List the prime factors of p.
2, 3
Let c(a) = 32*a - 12. What are the prime factors of c(3)?
2, 3, 7
Let q(j) = -4*j + 6. Suppose k - 2*a + 18 = 3*k, 4*k + 4 = 4*a. Let z be q(k). Let h = 15 + z. List the prime factors of h.
5
Suppose 5*c = -s + 101, -1 = 2*c + 1. List the prime factors of s.
2, 53
List the prime factors of 3/((54/384)/3).
2
What are the prime factors of 2/(-5) + (-108)/(-20)?
5
Suppose -5*z = -0 + 55. List the prime factors of z*4*1/(-2).
2, 11
Let i(d) = d + 10. Let b be i(-7). Let a(h) = -h**3 - 7*h + 2*h**b + 7*h**2 + 0*h**3 - 3*h - 8. List the prime factors of a(-8).
2
What are the prime factors of (44 - 3)/((-2)/(-2))?
41
Let f be 10/(-6) - 8/(-12). Let p be (1 - 1)/(f - -2). Suppose 5*g - 65 = -5*t - p*g, 0 = -t + 5*g + 1. List the prime factors of t.
11
Suppose -5*k + 204 - 49 = 0. Let t = -17 + k. List the prime factors of t.
2, 7
Let y(h) = h + 4. Let g be y(0). Let v be g/(-10) - (-33)/(-5). Let n(q) = -q**3 - 8*q**2 - 8*q - 2. List the prime factors of n(v).
5
Suppose 0*z - 22 = -2*z. List the prime factors of z.
11
Suppose 2*z = -15 + 11. Let a(j) = 3*j**2 + j**2 + 5*j - 2*j. What are the prime factors of a(z)?
2, 5
Suppose -87*p - 3368 = -95*p. What are the prime factors of p?
421
Suppose -54 = -0*m - 3*m. What are the prime factors of m?
2, 3
Let n = 14 - 3. Suppose -5*s + k - 42 = 0, -4*s - 4*k - 13 - n = 0. What are the prime factors of -21*(s/(-7) - 2)?
2, 3
Let l = -12 + 4. Let p(u) = u**2 + 2*u + 1. List the prime factors of p(l).
7
Let n be 4 - (5 + -3)*-1. Suppose n = w - 6. What are the prime factors of w?
2, 3
Let o(d) = -d**2 + 10. Let z be o(0). Let p = z + -8. Suppose -3*h + 37 = 2*c, 30 = p*h - 2*c - 2*c. What are the prime factors of h?
13
Let k be 0 - ((-4 - -3) + -8). List the prime factors of 1/(-3) - (-39)/k.
2
Suppose -12*p = -9*p - 210. List the prime factors of p.
2, 5, 7
Let u = -5 - 5. Let i = 45 + u. List the prime factors of i.
5, 7
Let v = 14 + -12. List the prime factors of 36 - -3 - 4/v.
37
Suppose -2*h + 6*h + 16 = 0, 4*v - 5*h = 72. Let y = 38 - v. Let m = y - 14. What are the prime factors of m?
11
Let j = -375 + 649. What are the prime factors of j?
2, 137
Let i be (0 - 2) + 30/10. Let u(s) = 24*s - 1. What are the prime factors of u(i)?
23
Suppose -5*m + 42 = u, 2*m + 43 + 32 = 3*u. What are the prime factors of u?
3
Suppose z + 5 = 2*z. Suppose 2*i + 0*i - z*l = 36, -5*l = i - 3. List the prime factors of i.
13
Suppose 0 = 8*a - 4*a - 2*i - 162, -a = 3*i - 37. What are the prime factors of a?
2, 5
Suppose -18 = 4*j - 7*j. Suppose -4*d = -d + j. List the prime factors of -2*(d/(-1) - 4).
2
Suppose 2157 = 10*s - 523. What are the prime factors of s?
2, 67
Suppose -14 = -7*x + 1540. List the prime factors of x.
2, 3, 37
Suppose g = -4*f + 301, -3*f + 5*g = -0*f - 220. What are the prime factors of f?
3, 5
What are the prime factors of 413/3 + 4/(-6)*1?
137
Suppose -q + 123 - 38 = 0. What are the prime factors of q?
5, 17
Suppose 2*v - 217 = -5*v. List the prime factors of v.
31
What are the prime factors of -4 + (56 - 4 - 4)?
2, 11
Suppose l + i + 2 = 0, -4*l - 14 = -7*l + i. Suppose -5*t + 2*g = -l*g - 130, 0 = 5*t + 3*g - 98. List the prime factors of t.
2, 11
List the prime factors of -136*((-1)/2 + 0).
2, 17
Let u(j) = -5 - 5 + 2 - 13*j + 6. Let d be u(-3). Let k = d + -21. List the prime factors of k.
2
Let n = 9 + -27. Let d = 8 + n. Let v = d - -24. List the prime factors of v.
2, 7
Suppose -2*u - t + 4*t + 125 = 0, 0 = -u + 3*t + 67. Suppose -2*n = -0*n - u. What are the prime factors of n?
29
Suppose 5*v + 9 + 1 = -3*w, -4*v = 5*w + 21. Suppose -5*m - 64 = -0*m - q, 37 = -3*m + 2*q. Let h = w - m. List the prime factors of h.
2
Let i(k) be the first derivative of -k**4/4 + 5*k**3/3 - 2*k**2 - k + 2. Suppose -5*z = -3*b + 29, -b + 0*b + 5*z + 23 = 0. List the prime factors of i(b).
5
Let f be (2*1)/(10/40). What are the prime factors of f*-1*9/(-6)?
2, 3
Suppose 120 = 4*t + 2*c, 5*c = 21 - 1. What are the prime factors of 120/t - (-4)/(-14)?
2
Let y = 462 - 292. What are the prime factors of y?
2, 5, 17
Suppose 4*g = -3*w - 2 + 14, 5*g - 15 = 5*w. Let f = w - -3. Suppose 5*x = 5*m + 80, -5*x + x = -f*m - 65. List the prime factors of x.
17
Let y = 12 - 8. What are the prime factors of y?
2
List the prime factors of (-2)/(2/3) + 125.
2, 61
Let h(i) = -2*i**2 - 9*i + 15. Let t(v) = -v**2 - 5*v + 8. Let u(r) = -4*h(r) + 7*t(r). What are the prime factors of u(-5)?
2
Let f = 24 - 0. Suppose -4*s = -0*s + f. List the prime factors of s/(4/(2/(-1))).
3
Let l be (20/6)/((-8)/(-12)). Suppose 0 = -l*i - 4*m - 10, m + 2 + 3 = 0. What are the prime factors of i?
2
Let o(s) = s. Let g(i) = 4*i + 8. Let u(x) = g(x) - 5*o(x). List the prime factors of u(4).
2
Suppose 2*s = 17 + 211. List the prime factors of s.
2, 3, 19
Let n = 34 + -20. Let p = n - 24. Let a = p - -16. List the prime factors of a.
2, 3
Let x(p) = p**3 + 7*p**2 - 4*p - 1. List the prime factors of x(-7).
3
Let h = 13 - 7. Suppose i = h*i - 175. Suppose -19 = -3*q + l, -5*q + 0*q + 5*l + i = 0. What are the prime factors of q?
2, 3
Suppose 4*n + 83 = 263. What are the prime factors of n?
3, 5
Let m = -17 + 20. Suppose m*q = q + 38. What are the prime factors of q?
19
Let i = 18 + -39. Let z = -14 - i. What are the prime factors of z?
7
Suppose -2*f = 3*f + 5*k - 5, k = f - 1. Let x = 62 + 4. List the prime factors of f/(-2*(-3)/x).
11
Suppose -4*t - 2 = -10. List the prime factors of (-18)/(-1)*t/4.
3
Suppose 0 = 2*f - 5*h, 0 = -0*h + 2*h + 4. Let a(b) = b**3 + 5*b**2 - 4*b - 6. List the prime factors of a(f).
2, 7
Suppose 4*d + 105 = 3*y, d - 198 = -5*y - 0*d. List the prime factors of y.
3, 13
Suppose 10*v = 5*v + 130. List the prime factors of v.
2, 13
Let c = -5 - -5. Let z be -1 - (-1 - c) - -3. Suppose -4*h = -2*t + 16, 4*h = z*h. What are the prime factors of t?
2
Let s = -20 - -178. What are the prime factors of s?
2, 79
Suppose 4*o - 7 = -4*k - k, -2*o + 3*k = -9. Suppose c = -2*j, -o*c + 3*j = 5 - 23. Suppose c*s = -4*w + 72, -s = -4 + 2. List the prime factors of w.
2
Let o(v) = 2*v**2 + 4*v - 1. Let w be o(-3). Suppose -q = 4*q + 3*l - 36, -16 = -q - w*l. What are the prime factors of q?
2, 3
Let h = -38 - -71. List the prime factors of h.
3, 11
Suppose 4*y + 3*p - 348 = -p, -4*y = -5*p - 366. List the prime factors of y.
89
Suppose 89 = -9*i + 1133. List the prime factors of i.
2, 29
Suppose 4*c + c = 3*b + 7, 0 = c - 2*b - 7. List the prime factors of 1